ve of s**3/3 + 4*s**2 + 11*s - 14. Let t = -3 - 6. List the prime factors of k(t).
2, 5
Suppose 0*o = -3*o + 264. Let v = -59 + o. Let n = 43 - v. What are the prime factors of n?
2, 7
Let u(b) = -6*b + 16. Let j be u(-11). Let i = j + -2. Suppose 5*f - 4*s - 261 = 0, 4*f + 4*s - 100 = i. What are the prime factors of f?
7
Let u(m) = -m**3 + 11*m**2 - 9*m - 11. Let s be u(10). Let r(t) = -4*t - 1. Let h be r(s). What are the prime factors of (28 - 2)/(-1 + h)?
13
Suppose 605 + 55 = 5*j. Let m = -31 + j. What are the prime factors of m?
101
Let a = 30 - 12. Suppose -20*h + a*h = -74. Suppose 3*z - 11 = h. What are the prime factors of z?
2
Let g = 248 + 82. Let d be (-1)/(-4) + g/(-8). Let w = d - -64. List the prime factors of w.
23
What are the prime factors of (-24)/(-16) - (-3140)/8?
2, 197
Let s(r) be the third derivative of r**4/8 - 5*r**3/3 + 12*r**2. What are the prime factors of s(8)?
2, 7
Let q be (-2 + -4)*(-2)/4. Suppose 6*i - q*i - 180 = 0. List the prime factors of i.
2, 3, 5
Suppose 293*i = 300*i - 5838. List the prime factors of i.
2, 3, 139
Let l = 7 + -4. Suppose -5*t + 20 = 3*i - 2*i, 0 = 2*i + l*t - 19. What are the prime factors of 16/1 + -7 + i?
2, 7
Let d = -683 + 5853. List the prime factors of d.
2, 5, 11, 47
What are the prime factors of (2052/(-20) - -1)/(10/(-25))?
2, 127
Let i be (-34)/(-1 + (-27)/(-33)). Let l be 6/18*(i - -2). Suppose 5*v = 3*x - 62, 4*v = 4*x - l - 33. What are the prime factors of x?
29
Let r be (-16)/(-6)*27/36. Suppose 2*x + 18 = 5*d, 5 = r*d - d + x. Suppose 2*t - 95 = -t - d*b, -3*b + 30 = t. What are the prime factors of t?
3, 11
Let y = 114 + 307. What are the prime factors of y?
421
Let n(q) = -q**2 - 108*q - 49. What are the prime factors of n(-41)?
2, 19, 71
Suppose -22 = -17*p + 15*p. Let a(o) = -o + 11. Let y be a(p). Suppose 5*v = -y*v + 10. List the prime factors of v.
2
Suppose o = -19*o + 14160. What are the prime factors of o?
2, 3, 59
Let n be (-7 - (-66)/12)/((-6)/4). Let o be 1/(2 - 0)*12. Let i = o + n. List the prime factors of i.
7
Suppose 3*m = 4*a + 8 + 27, -4*a - 37 = -5*m. Let z be ((-2)/(-5))/(a/(-80)). Suppose 0 = -z*k + 137 + 27. What are the prime factors of k?
41
Let y(a) = -a**2 - 8*a + 11. Let o be y(-10). Let k(v) = -v**3 - 8*v**2 + 2*v + 8. Let z be k(o). List the prime factors of z/2 - (-5)/(-10).
5, 7
Let o(n) = n + 20. Let d be 0*(-3)/3 - -5. Suppose -d*z + 2*m = 10 + 33, -4*z - 3*m = 39. List the prime factors of o(z).
11
Let m be (-3165)/(-18) + (-2)/(-12). Suppose 2*c = -2*k + m, c - 3*k = 2*k + 100. What are the prime factors of c?
2, 3, 5
Let u be 3*(39/(-52))/(1/32). Let i = u + 173. What are the prime factors of i?
101
Let p be (-2)/(-4) - (-343)/(-14). What are the prime factors of 5229/49 + p/14 + 2?
107
Suppose u - 270 = 155. Suppose 4*j = 103 + u. Suppose -5*t + j - 2 = 0. What are the prime factors of t?
2, 13
Suppose 2*k - 2*j + 8 = 0, -4*k = -0*k - 5*j + 17. Let h be k + 2 + (-24)/(-8). Suppose 0*i + 56 = h*i. What are the prime factors of i?
2, 7
Suppose -825 = -p + 4*n, 12 - 2 = -2*n. What are the prime factors of p?
5, 7, 23
Suppose -5*j = j - 30. Suppose -2*w = 3*l - 97, 17 = -j*w - 3. What are the prime factors of l?
5, 7
Let n(s) = 15*s**2 - s - 2. Let q(d) = -d**2 - d - 1. Let r be q(-1). Let u be (0 + r)/(11 + -10). List the prime factors of n(u).
2, 7
Let w be (-21)/(-4) + (0 - (-10)/(-40)). Let a(c) = 8*c - 11. List the prime factors of a(w).
29
Suppose -2*l = -l + 3*y - 513, 3*l - y = 1509. What are the prime factors of l?
2, 3, 7
List the prime factors of (-5934)/(-1 + 7 + -21 + 13).
3, 23, 43
Let f(d) = -d + 1. Let b = 0 - 9. Let p = b - -8. What are the prime factors of f(p)?
2
Let t = -34 - -37. Let x = 49 - 28. Let l = x - t. List the prime factors of l.
2, 3
Suppose 5*z + l = -3*l + 11805, 4704 = 2*z - 2*l. What are the prime factors of z?
2357
Let v(p) = p - 12. Let c be v(15). Suppose 0 = -c*f - 3 + 81. What are the prime factors of f?
2, 13
Suppose -5*g = 20, 28000 - 4285 = 5*t - 5*g. List the prime factors of t.
7, 677
Let u = -768 - -1427. Suppose -5*o + u = 44. List the prime factors of o.
3, 41
Let o(g) = -g**3 + 17*g**2 - 16*g - 7. Let z be o(9). Suppose 0 = -3*x + 4*n + z - 96, -4*x = n - 560. What are the prime factors of x?
139
Let m = 83 + -120. Let h = 56 + m. Let z = -9 + h. What are the prime factors of z?
2, 5
Suppose -11 = -5*r + 39. Let b = r - -8. What are the prime factors of b?
2, 3
Let l be (-7)/2*(-8)/14. Suppose 0 = l*f - 61 - 29. Suppose 125 = 5*n + f. List the prime factors of n.
2
List the prime factors of (-3 + -2)*((-2)/(-1) + -139).
5, 137
List the prime factors of (-63602)/(-70) - 3 - 4/(-10).
2, 3, 151
Suppose 12 = -x + 4*x. Let s(y) = y**2 - 3*y - 4. Let v be s(x). Suppose v = -p + 28 - 9. What are the prime factors of p?
19
List the prime factors of (-437 - 1)/(18/(-9)).
3, 73
What are the prime factors of 0 + 4595/7 + 33/(-77)?
2, 41
Let x be -1 - (49 - -1)/(-2). List the prime factors of ((-123)/6)/(4/x*-3).
41
Let b = -3 - -8. Let h = b - 11. What are the prime factors of 8/(1 - (-3)/h)?
2
Suppose 23*f + 6*f = 10063. What are the prime factors of f?
347
Let v(k) be the second derivative of -k**5/20 - 5*k**4/12 + 5*k**3/3 + 4*k**2 - 3*k. Let l be v(-6). Let d = l - -31. What are the prime factors of d?
3, 5
Suppose 36*l = 32*l + 208. What are the prime factors of l?
2, 13
Let p(m) = -m + 8. Suppose 2*s - 7 = 3. Let z be p(s). Suppose -u + 180 = z*u. What are the prime factors of u?
3, 5
Let l(r) = 7*r + 23. List the prime factors of l(5).
2, 29
Suppose 0 = -4*w - w + 5. List the prime factors of (-4)/4 + 30/w.
29
Let p = 4402 - 2762. What are the prime factors of p?
2, 5, 41
Suppose 3 = -4*v + 11. Suppose 6*u - v = 5*u. List the prime factors of -1 + (u + 42)/1.
43
Let l(z) = -z**3 + 44*z**2 - 89*z - 22. What are the prime factors of l(40)?
2, 1409
Suppose -19*m = -25*m + 1542. Let i = m - 158. List the prime factors of i.
3, 11
Let s be ((-5)/4)/(7/(-588)). Let f = s - 25. List the prime factors of f.
2, 5
Let j = 488 - -686. List the prime factors of j.
2, 587
Suppose -2*n - 3*n = 3*j + 91, 2*j - 46 = 2*n. Let o = -19 - n. List the prime factors of 44 + o/((-1)/4).
2, 5
Suppose 1554 = 3*t + q + 2*q, -4*q - 503 = -t. List the prime factors of t.
5, 103
Let p = 425 + -19. List the prime factors of p.
2, 7, 29
Let m = -1326 + 2292. What are the prime factors of m?
2, 3, 7, 23
Suppose 5*r = 5, 3*p + 3*r + 108 = 4*p. Let o = p - 65. What are the prime factors of o?
2, 23
Let n = 284 - 212. What are the prime factors of n?
2, 3
Suppose -20*c - 15 = -15*c. What are the prime factors of ((-12)/(-9) + c)*-42?
2, 5, 7
List the prime factors of (14469/(-318))/(1/(-54)).
3, 7, 13
Suppose -4*d + 16 = 0, -5*a - 3*d + 3122 = -3645. List the prime factors of a.
7, 193
Suppose -3*q - 6 = -12. Suppose u + 13 = q. What are the prime factors of (u/(-2) + -3)*4?
2, 5
Let x(r) = 3*r**3 + r**2 - 3*r + 1. Let k be x(1). What are the prime factors of 284 - (k + (-4 - -2))?
2, 71
Let j be 16/(-12)*(-3)/(-6)*-3. Suppose a - 96 = -j. What are the prime factors of a?
2, 47
Let z(j) = 14*j - 3. What are the prime factors of z(19)?
263
Let g = 283 - 48. Let j = -92 + g. What are the prime factors of j?
11, 13
Let i(v) = 49*v**2 - 3*v. Let z be i(2). Suppose -5*f = -6*r + r - z, -50 = -f - 2*r. List the prime factors of f.
2, 3, 7
Let b(o) = 3*o**2 - 15*o - 6. Let d be b(-5). Let u = 295 - d. What are the prime factors of u?
151
Let u be 2/(-7) - (-253)/77. Suppose 5*x + 5*m - 5 = -0*x, -4*x - m = -10. Suppose -162 = -3*z - u*j, 0*j + 2*j = -x*z + 162. List the prime factors of z.
2, 3
Suppose -3*a = 5*g - 16, -2*g = -4*g - a + 7. Suppose 0*q + g*q + 30 = 0. What are the prime factors of (-94 - 2)/(q/4)?
2
Let l = 373 - 271. What are the prime factors of l?
2, 3, 17
Suppose -3*y + 5*h = 15, 5*y - 4*h = -27 - 11. Let n be 2/(-10) - 42/y. Suppose 5*u - 4*v = 130, -u = 2*v + n - 44. List the prime factors of u.
2, 3, 5
Suppose 0 = z + z - 12. Suppose z = t - p - 5, -5*p - 10 = 0. Suppose t*y = 13*y - 100. What are the prime factors of y?
5
Let q be (-360)/21*105/(-5). Let x = -155 + q. What are the prime factors of x?
5, 41
Let t be (-14 - -5)*3/9. What are the prime factors of 8 - ((-5)/(-5) + t)?
2, 5
Suppose 4*f - 3*